u*o - 21 = 39. Calculate the highest common factor of o and d.
10
Suppose 2*b - 65 = -3*b + 5*h, 3*h - 31 = -2*b. Suppose 3*m = 4*a - 4 + 34, -47 = -4*m + 3*a. What is the greatest common factor of m and b?
14
Suppose 3*v - 2 - 58 = -o, -5*o - 15 = 0. Suppose 5*a = -0*a + 945. What is the greatest common factor of v and a?
21
Let n(m) be the first derivative of -2*m**2 - 3. Let h be n(-2). What is the greatest common factor of 8 and h?
8
Let b(w) = -w**2 + 3*w + 2. Let f be b(3). Suppose f*o = -3*o. Suppose 4*h = 2*h + 10, o = 3*c + 2*h - 70. Calculate the highest common divisor of 50 and c.
10
Suppose 5*v - 24 = 3*v. Calculate the greatest common divisor of 60 and v.
12
Let b(v) be the second derivative of v**4/4 - v**2/2 - 3*v. Let j be b(-2). What is the greatest common factor of j and 77?
11
Suppose -5*w + 195 = -0*w. What is the highest common factor of 52 and w?
13
Suppose -350 = -14*o + 4*o. Calculate the highest common divisor of o and 385.
35
Let o(m) = 2*m**2. Let z be o(-2). Suppose -v - 4*k + k + 82 = 0, -4*k - 360 = -4*v. What is the greatest common divisor of v and z?
8
Let g be ((-4)/8)/((-2)/64). Suppose -1 = 5*s - g. Calculate the highest common factor of s and 2.
1
Let z be 660/(-9)*(-12)/5. What is the greatest common factor of z and 22?
22
Suppose -7*w = -3*w, -4*v + 8 = -4*w. Suppose -13 - 13 = -v*r - 4*z, -z = -5*r + 109. Calculate the highest common divisor of r and 168.
21
Let j be (-6)/(-33) - (-5901)/33. Suppose j = 5*i + 59. What is the highest common divisor of 8 and i?
8
Let w be (-657)/(-54) + (-1)/6. What is the highest common factor of w and 4?
4
Suppose -5*s + 112 = 2*s. Let x = -11 + 15. What is the greatest common divisor of x and s?
4
Suppose 6*a = -n + 2*a - 8, 0 = 5*n + 3*a - 28. Calculate the highest common factor of 8 and n.
8
Suppose 16 = -4*t, -36 = -z - 2*t + 4*t. Calculate the highest common divisor of 56 and z.
28
Suppose 3*h = -k + 4*k - 18, -5*h + 4*k - 26 = 0. Let p be (h - 0/(-1)) + 3. What is the highest common factor of p and 2?
1
Suppose -3*n + 15 + 3 = -5*j, 3*j + 11 = 2*n. Let v = j + 16. What is the greatest common factor of v and 13?
13
Let t = 99 + -39. Let q be (60/(-2))/((-2)/10). What is the greatest common factor of t and q?
30
Let g(j) = j**3 - 5*j**2 + 3*j - 5. Let p be g(4). Let w(y) = y**2 + 9*y + 2. Let u be w(p). What is the greatest common divisor of 10 and u?
2
Suppose 2*o = 4*t + 94, 5*o - 2*t = -0*t + 267. What is the highest common divisor of o and 220?
55
Suppose 2*a + 15 = 4*g + 1, 3*a = -3*g + 33. What is the greatest common divisor of 42 and g?
6
Let u = -2 - -10. Calculate the highest common factor of u and 2.
2
Let t be (-25 + (-2)/(-2))/(-1). Let n = -17 - -68. Let y be (-1)/(n/18 - 3). Calculate the highest common divisor of t and y.
6
Let n be (1 - 3)*(-7)/2. What is the greatest common divisor of 56 and n?
7
Suppose -4*n + 3*u + 596 = 0, 0*n + 4*n - 5*u - 596 = 0. Suppose -599 = -5*p - n. What is the greatest common factor of 10 and p?
10
Suppose -l = -2*l - 5*n - 7, -7 = 4*l - n. Let r be (-60)/(-2)*l/3. Let a be 5*78/r*-2. Calculate the greatest common divisor of 13 and a.
13
Let o = 18 - 8. What is the highest common divisor of o and 5?
5
Let r be 2/(-3) + (-95)/(-3). Let w = -21 + r. What is the highest common divisor of 10 and w?
10
Let d = 41 - 40. Let q be (-2)/2 - (-3 + 0). Let y = q - 0. Calculate the highest common factor of d and y.
1
Suppose -3*l = -4*a - 216, -3*l - 103 = 2*a - 337. Calculate the greatest common divisor of l and 19.
19
Let k be 5/2 + (-7)/(-14). Suppose -3*x - k = 0, -386 - 104 = -5*a - 5*x. What is the highest common factor of a and 11?
11
Let h = -64 + 76. What is the highest common factor of h and 15?
3
Let a be (-12)/10*(-160)/(-12). Let n be a/(-6)*(-189)/(-36). What is the greatest common divisor of n and 14?
14
Let n be (4/(-3))/((-1)/12). Calculate the highest common divisor of 176 and n.
16
Let n be 0*(28/(-8) - -3). Suppose -3*t + 95 = 2*v - 109, n = -4*t + 5*v + 295. What is the greatest common factor of t and 10?
10
Let x(w) = w + 11. Let m be x(-7). Suppose 0 = 2*r - 26 + m. What is the highest common factor of r and 77?
11
Let a(b) = 6*b**2 + 3*b + 3. Let k be a(-3). Suppose -d + k = 3*d. What is the highest common factor of d and 108?
12
Suppose i + 0*i - 3*z - 24 = 0, -16 = 4*z. Calculate the highest common divisor of 18 and i.
6
Let s(l) = 3*l**2. Let d be s(1). Suppose -3*u = -0*u + 156. Let h be u/(-16) - 3/12. Calculate the greatest common factor of d and h.
3
Suppose 3*x - 13 = 5*t - 3, 2*x = -t + 11. Suppose g + 5*f - 22 = 0, -x*g - f = -0*f - 38. What is the highest common factor of 21 and g?
7
Suppose -7*k = -167 + 6. What is the highest common divisor of k and 115?
23
Let x(r) = -r**2 - 3*r - 2. Let m be x(-4). Let a = -10 - -6. Let o be (-20)/m + a/(-6). What is the greatest common divisor of o and 16?
4
Suppose 0 = 4*y + 52. Let j = y + 23. Let x be 3*(-1 - (-16)/6). What is the greatest common divisor of x and j?
5
Suppose -5*d = -2*x - 69, -19 = -4*d + x + 38. Suppose -2*z + 2*q + 110 = 0, 2*q + 16 + 34 = z. Calculate the greatest common divisor of z and d.
15
Let z be 1/(-2 - (-22)/10). Suppose 179 = 2*p + 3*v, -5*v + 0*v = -z. What is the highest common factor of 8 and p?
8
Let b be (13/3)/((-1)/(-3)). Let i = 254 - 150. What is the greatest common divisor of i and b?
13
Let r(d) = d**3 - 4*d**2 - 13*d. Let j be r(7). Calculate the highest common divisor of 28 and j.
28
Let i(r) = -r**2 + 6*r + 3. Let v be i(3). Let t be ((-6)/4)/(v/(-32)). Suppose t*q + 3 - 39 = 0. Calculate the greatest common divisor of q and 6.
3
Let v = 9 - 1. Suppose -16 = -2*r - 2*r. Suppose -o = -3*m - 10, -r*m - 16 = 3*o - 7. Calculate the greatest common factor of o and v.
1
Let i = -30 + 45. Calculate the highest common factor of i and 60.
15
Let m(z) be the second derivative of -2*z**3/3 + z**2/2 - 2*z. Let c be m(-3). Calculate the greatest common factor of c and 26.
13
Suppose 0 = s - 3*p - 160, s + 3*p - 149 = 11. Let h be (24/(-20))/(-2 - (-388)/200). Calculate the greatest common factor of h and s.
20
Suppose 16 = 2*j + 4*p - 14, -32 = -2*j - 5*p. Calculate the highest common divisor of 11 and j.
11
Let f be (2/4)/(4/48). Let q be ((-2)/(f/147))/(-1). What is the greatest common factor of 7 and q?
7
Let h = -4 - 11. Let p = -9 - h. Let s = -2 + 11. What is the highest common divisor of s and p?
3
Let t be 2 - (-1 + 5*-2). Let k be 13/(48/15 - 3). Calculate the highest common divisor of k and t.
13
Let p be ((-342)/(-9))/(-1 + -1). Let a = 34 + p. Calculate the greatest common divisor of 15 and a.
15
Suppose 0 = 4*b + 605 - 213. Let x = -56 - b. What is the greatest common divisor of x and 28?
14
Let p be 46 - ((-6)/(-3))/2. What is the highest common factor of p and 9?
9
Let s(u) = u**3 + 6*u**2 - 2*u - 5. Let b be s(-6). What is the greatest common divisor of b and 7?
7
Let b = 34 + -23. Suppose 0 = -3*z - 0*z + 3. Calculate the greatest common divisor of z and b.
1
Suppose -i + 288 = 3*i. Calculate the highest common divisor of 9 and i.
9
Let r(z) = 3 - 3*z - 5*z**3 + 2*z**3 + 2*z**3. Let h be r(-5). Calculate the greatest common divisor of h and 13.
13
Suppose -2*l - 37 = -y + 16, -4*y + 2*l + 188 = 0. Let n(x) = -x**2 + 2*x + 29. Let q be n(6). What is the greatest common divisor of y and q?
5
Let s = -4 + 9. Suppose 854 + 761 = -s*f. Let b be 2/5 + f/(-5). Calculate the highest common factor of b and 13.
13
Let z = 136 + -127. Calculate the greatest common factor of 54 and z.
9
Suppose -c - 4 = -2. Let a(w) = -6*w. Let h be a(c). Calculate the highest common factor of h and 60.
12
Let h = -187 + 61. Let f be (12/(-14))/(3/h). What is the highest common factor of f and 90?
18
Let b = -9 - -13. Suppose 0*w - w - 3*f + 62 = 0, 263 = b*w - 3*f. What is the highest common divisor of 13 and w?
13
Suppose -2*d = 5 + 5, -d = 3*j - 28. What is the highest common divisor of 88 and j?
11
Let y(x) = 37*x - 7. Let z(m) = 18*m - 4. Let r(s) = 3*y(s) - 5*z(s). Let d be r(1). Suppose -7 + 15 = l. What is the highest common divisor of l and d?
4
Suppose 2*n - 7 = -5*k + 4*k, 0 = -4*k - 3*n + 18. Calculate the highest common factor of 27 and k.
3
Let g = 5 - 3. Suppose -f - f = -g. Suppose k + f = 14. What is the highest common